-656867
3400020022 (base 5) to base 11
4210127
-1917372 (base 10) to base 6
-105032420
17273 (base 8) to base 7
31636
What is 58a3 (base 13) in base 16?
30b6
What is 211583d (base 14) in base 12?
52a9113
What is 776123 (base 12) in base 3?
10120101220100
Convert -13240651 (base 7) to base 3.
-2021222120121
24632060 (base 7) to base 8
10374427
Convert -104233201 (base 5) to base 10.
-461676
What is 200733 (base 8) in base 6?
1225335
Convert 122021221121 (base 3) to base 8.
1230665
What is -2d152a (base 14) in base 16?
-181742
-13e202 (base 16) to base 15
-1ab147
What is -1004004 (base 8) in base 5?
-31423241
Convert -897350 (base 10) to base 14.
-195046
Convert 21734 (base 10) to base 11.
15369
1a1a348 (base 11) to base 7
40662652
What is -268a3 (base 14) in base 10?
-95007
Convert -1341443 (base 6) to base 5.
-4404210
What is 74175b (base 14) in base 16?
3bdac5
606761 (base 8) to base 9
334528
-41aae (base 15) to base 2
-110010110110100001
What is 1516e0 (base 16) in base 6?
45342400
Convert 146536 (base 7) to base 10.
28741
What is -22c073 (base 16) in base 11?
-1316127
Convert -15371 (base 10) to base 16.
-3c0b
What is -35520136 (base 8) in base 11?
-442aa48
What is -22221221012010 (base 3) in base 2?
-10010001010100101101110
What is -124341420 (base 5) in base 12?
-25b7a5
What is -81060 (base 16) in base 8?
-2010140
322004100 (base 5) to base 12
556b90
What is -13021232 (base 5) in base 10?
-126442
Convert 204204012 (base 5) to base 4.
3033221023
What is -1111010010111101 (base 2) in base 14?
-18b93
10011032331 (base 5) to base 8
45474727
Convert -62826 (base 10) to base 12.
-30436
What is -5667587 (base 9) in base 3?
-12202021122221
433706 (base 10) to base 7
3454310
Convert -b3292 (base 16) to base 9.
-1337570
-503085 (base 12) to base 14
-2474a1
58611 (base 13) to base 16
27681
-46a97 (base 14) to base 13
-6050a
What is 602a2 (base 11) in base 12?
43060
What is -1111220000001 (base 3) in base 2?
-11000100011111010001
Convert -254741 (base 11) to base 13.
-1109b5
What is 68083 (base 10) in base 5?
4134313
What is -100212101222011 (base 3) in base 9?
-10771864
Convert 9bc61 (base 14) to base 9.
636015
Convert 32778 (base 13) to base 12.
44a53
What is -9c204 (base 14) in base 8?
-1344274
Convert -200155 (base 10) to base 11.
-12741a
Convert 10113220211 (base 4) to base 9.
2135145
What is -82873 (base 9) in base 14?
-15cc4
-3002331 (base 5) to base 6
-1002332
Convert 6641 (base 13) to base 10.
14249
What is -1001000011000000010010 (base 2) in base 11?
-137a902
Convert 11110011010 (base 3) to base 10.
87591
101013021 (base 5) to base 9
680582
Convert -1010121121220 (base 3) to base 16.
-931f2
What is 446503 (base 7) in base 6?
1410214
Convert -501463 (base 7) to base 9.
-138061
What is -212120201 (base 4) in base 14?
-4141b
Convert -1001100011010010110 (base 2) to base 15.
-62b07
What is 107165 (base 8) in base 5?
2131334
What is 1111121303 (base 4) in base 7?
2654600
Convert 1c4553 (base 13) to base 6.
23302330
-10198 (base 12) to base 8
-51004
Convert -1a741cb (base 13) to base 2.
-100001010111111011110110
11210121121201 (base 3) to base 5
1123114342
12000112102 (base 3) to base 6
2041232
What is -1000010001110011101 (base 2) in base 7?
-2206564
-100100110001001010 (base 2) to base 13
-5371a
What is -101111011011010000110101 (base 2) in base 6?
-1122245325
Convert -113111032 (base 5) to base 6.
-15045101
300311055 (base 6) to base 12
184248b
Convert 266cb9 (base 13) to base 10.
929314
What is 10025065 (base 7) in base 6?
25443031
-735434 (base 9) to base 4
-1222230202
What is 110202202100 (base 3) in base 10?
251325
-377888 (base 10) to base 12
-162828
ab8384 (base 12) to base 4
22122230110
Convert 1020523 (base 6) to base 11.
34169
-12104205 (base 6) to base 15
-78295
Convert 142014322 (base 5) to base 11.
462726
-1200102021 (base 3) to base 9
-50367
1000010100111110100000 (base 2) to base 3
11002220121112
What is -220002021 (base 3) in base 8?
-42225
Convert 365248 (base 15) to base 3.
11220001112012
What is 570073 (base 9) in base 12?
145586
What is -44a311 (base 12) in base 14?
-2075b7
-361c17 (base 16) to base 8
-15416027
What is 668402 (base 9) in base 5?
100243233
Convert 2557267 (base 8) to base 5.
140244000
Convert -15234233 (base 7) to base 14.
-29bcc3
-1311305 (base 6) to base 11
-4988a
What is 92e733 (base 16) in base 12?
328352b
What is 149632 (base 11) in base 6?
4551415
Convert -1010011101100110101 (base 2) to base 4.
-1103230311
Convert 32241014 (base 5) to base 10.
274509
Convert 20522252 (base 7) to base 13.
48a679
What is b272a6 (base 12) in base 7?
32503263
Convert 2626511 (base 7) to base 15.
6ba88
What is -84649 (base 15) in base 11?
-267545
-29286 (base 12) to base 5
-3314124
What is -35ab89 (base 15) in base 4?
-21302312310
-24031035 (base 7) to base 13
-595461
Convert -23055521 (base 6) to base 5.
-140120333
2805019 (base 11) to base 2
10010011101001100111101
197b383 (base 12) to base 15
717143
Convert 6718 (base 14) to base 6.
214402
Convert -13ba054 (base 13) to base 3.
-102210220021201
What is -10afd (base 16) in base 11?
-47396
What is -213614 (base 7) in base 4?
-21013211
11200333100 (base 4) to base 5
332231330
Convert -461456 (base 7) to base 9.
-134688
-102010101210 (base 3) to base 14
-59b43
Convert b26bc (base 16) to base 10.
730812
Convert -142141023 (base 5) to base 2.
-10110100101100101010
What is 14121770 (base 10) in base 7?
231014225
1121342333 (base 5) to base 11
147722a
Convert -30343224 (base 5) to base 10.
-246689
What is -1011010101011101011110 (base 2) in base 13?
-80069b
What is -10c252 (base 13) in base 9?
-666031
-10011001010011 (base 2) to base 6
-113231
Convert -2ceef (base 16) to base 8.
-547357
What is -1035872 (base 9) in base 7?
-4502324
What is -ac165 (base 13) in base 9?
-525257
What is 1021512 (base 10) in base 15?
152a0c
Convert 77327 (base 13) to base 7.
1556201
What is -1144641 (base 7) in base 14?
-3b191
421042 (base 6) to base 10
33938
What is 144949 (base 14) in base 5?
140014133
What is -100210112022 (base 3) in base 4?
-233011022
-a44a9 (base 15) to base 10
-520809
Convert 8b057 (base 12) to base 3.
100101201111
-118cf (base 16) to base 7
-416404
-2100021201211 (base 3) to base 9
-2307654
10444311101 (base 5) to base 2
101100101011101011111100
What is -105025133 (base 7) in base 4?
-120100221110
Convert 4123251 (base 6) to base 10.
197743
What is 2040065 (base 13) in base 6?
545205545
23b98 (base 12) to base 16
bce4
Convert -2332102002 (base 4) to base 5.
-144420034
What is -586697 (base 14) in base 6?
-144334421
Convert 36996 (base 10) to base 4.
21002010
What is 45523732 (base 8) in base 3?
200120121201101
Convert -462361 (base 7) to base 6.
-1433554
What is 10001201220222 (base 3) in base 13?
450338
What is -11653a (base 12) in base 3?
-112021001101
Convert -236776 (base 8) to base 16.
-13dfe
Convert -109834 (base 10) to base 13.
-3acba
-1211220202011 (base 3) to base 10
-982507
Convert -1044453 (base 14) to base 16.
-756ab9
Convert 10055318 (base 9) to base 10.
4819679
-110873 (base 11) to base 10
-176740
21230323132 (base 4) to base 15
3538a1
1011001100000100000000 (base 2) to base 14
564c36
Convert -133022201 (base 5) to base 10.
-673426
Convert 16ba11 (base 12) to base 11.
249888
What is -9c53b (base 15) in base 12?
-1bb962
What is -54c669 (base 13) in base 6?
-110454450
-65a594 (base 12) to base 16
-18a3c0
Convert 3979238 (base 10) to base 8.
17133746
Convert f673 (base 16) to base 6.
1204031
Convert 23738 (base 13) to base 8.
176657
What is 141623360 (base 7) in base 5?
4334032414
Convert -2021201120 (base 3) to base 5.
-2414442
Convert 40551 (base 8) to base 3.
211222012
289a4 (base 13) to base 9
125656
16358 (base 10) to base 13
75a4
Convert 3a32228 (base 12) to base 6.
1050425252
-46276261 (base 8) to base 7
-151333216
What is 10102121321 (base 4) in base 6?
40031305
What is 2878190 (base 11) in base 12?
17a5759
201113422 (base 5) to base 14
16bd44
Convert 119450 (base 10) to base 6.
2321002
514560 (base 7) to base 8
254037
Convert 528833 (base 12) to base 11.
809217
Convert 3157309 (base 12) to base 7.
142146522
Convert 21202202 (base 5) to base 4.
223203323
-633481 (base 14) to base 8
-14621431
Convert 144297 (base 12) to base 13.
bb45c
What is 10010000101